{"id":950,"date":"2024-09-12T14:52:09","date_gmt":"2024-09-12T12:52:09","guid":{"rendered":"https:\/\/www.elektrisola-atesina.com\/?post_type=jobs&#038;p=950"},"modified":"2024-09-12T15:45:54","modified_gmt":"2024-09-12T13:45:54","slug":"tfo-absolventen-fuer-den-produktionsbereich-m-w-d-werk-muehlen-in-taufers-2","status":"publish","type":"jobs","link":"https:\/\/www.elektrisola-atesina.com\/it\/jobs\/tfo-absolventen-fuer-den-produktionsbereich-m-w-d-werk-muehlen-in-taufers-2\/","title":{"rendered":"TFO Absolventen f\u00fcr den Produktionsbereich (m\/w\/d) Werk M\u00fchlen in Taufers"},"content":{"rendered":"<p>Wir suchen einen TFO-Absolventen f\u00fcr den Produktionsbereich an unserem Standort M\u00fchlen in Taufers in Vollzeit.<\/p>\n<p><strong>Aufgabenbeschreibung:<\/strong><\/p>\n<p>Durchf\u00fchrung von Versuchen und Betreuung von Projekten zur Qualit\u00e4tsverbesserung und Produktivit\u00e4tssteigerung.<\/p>\n<p><strong>Wir bieten:<\/strong><\/p>\n<ul>\n<li>Interessante T\u00e4tigkeiten<\/li>\n<li>Eigenst\u00e4ndiges Arbeiten<\/li>\n<li>Besch\u00e4ftigung beim Weltmarktf\u00fchrer<\/li>\n<li>Die M\u00f6glichkeit von Reisen zu unseren weltweit t\u00e4tigen Schwesterwerken<\/li>\n<li>Modernste Arbeitsmittel<\/li>\n<li>Interessanter Stundenplan<\/li>\n<li>\u00dcberdurchschnittliche Entlohnung<\/li>\n<li>Karrierem\u00f6glichkeiten<\/li>\n<\/ul>\n<p>Haben wir dein Interesse geweckt?<br \/>\nDann sende uns deine Bewerbungsunterlagen!<\/p>\n","protected":false},"template":"","categories":[],"class_list":["post-950","jobs","type-jobs","status-publish","hentry"],"acf":[],"yoast_head":"<!-- This site is optimized with the Yoast SEO plugin v23.4 - https:\/\/yoast.com\/wordpress\/plugins\/seo\/ -->\n<title>TFO Absolventen f\u00fcr den Produktionsbereich (m\/w\/d) Werk M\u00fchlen in Taufers - Elektrisola<\/title>\n<meta name=\"robots\" content=\"index, follow, max-snippet:-1, max-image-preview:large, max-video-preview:-1\" \/>\n<link rel=\"canonical\" href=\"https:\/\/www.elektrisola-atesina.com\/it\/jobs\/tfo-absolventen-fuer-den-produktionsbereich-m-w-d-werk-muehlen-in-taufers-2\/\" \/>\n<meta property=\"og:locale\" content=\"it_IT\" \/>\n<meta property=\"og:type\" content=\"article\" \/>\n<meta property=\"og:title\" content=\"TFO Absolventen f\u00fcr den Produktionsbereich (m\/w\/d) Werk M\u00fchlen in Taufers - Elektrisola\" \/>\n<meta property=\"og:description\" content=\"Wir suchen einen TFO-Absolventen f\u00fcr den Produktionsbereich an unserem Standort M\u00fchlen in Taufers in Vollzeit. Aufgabenbeschreibung: Durchf\u00fchrung von Versuchen und Betreuung von Projekten zur Qualit\u00e4tsverbesserung und Produktivit\u00e4tssteigerung. Wir bieten: Interessante T\u00e4tigkeiten Eigenst\u00e4ndiges Arbeiten Besch\u00e4ftigung beim Weltmarktf\u00fchrer Die M\u00f6glichkeit von Reisen zu unseren weltweit t\u00e4tigen Schwesterwerken Modernste Arbeitsmittel Interessanter Stundenplan \u00dcberdurchschnittliche Entlohnung Karrierem\u00f6glichkeiten Haben wir dein...\" \/>\n<meta property=\"og:url\" content=\"https:\/\/www.elektrisola-atesina.com\/it\/jobs\/tfo-absolventen-fuer-den-produktionsbereich-m-w-d-werk-muehlen-in-taufers-2\/\" \/>\n<meta property=\"og:site_name\" content=\"Elektrisola\" \/>\n<meta property=\"article:publisher\" content=\"https:\/\/www.facebook.com\/people\/Elektrisola-Atesina\/61551488600786\/\" \/>\n<meta property=\"article:modified_time\" content=\"2024-09-12T13:45:54+00:00\" \/>\n<meta name=\"twitter:card\" content=\"summary_large_image\" \/>\n<meta name=\"twitter:label1\" content=\"Tempo di lettura stimato\" \/>\n\t<meta name=\"twitter:data1\" content=\"1 minuto\" \/>\n<script type=\"application\/ld+json\" class=\"yoast-schema-graph\">{\"@context\":\"https:\/\/schema.org\",\"@graph\":[{\"@type\":\"WebPage\",\"@id\":\"https:\/\/www.elektrisola-atesina.com\/it\/jobs\/tfo-absolventen-fuer-den-produktionsbereich-m-w-d-werk-muehlen-in-taufers-2\/\",\"url\":\"https:\/\/www.elektrisola-atesina.com\/it\/jobs\/tfo-absolventen-fuer-den-produktionsbereich-m-w-d-werk-muehlen-in-taufers-2\/\",\"name\":\"TFO Absolventen f\u00fcr den Produktionsbereich (m\/w\/d) Werk M\u00fchlen in Taufers - Elektrisola\",\"isPartOf\":{\"@id\":\"https:\/\/www.elektrisola-atesina.com\/#website\"},\"datePublished\":\"2024-09-12T12:52:09+00:00\",\"dateModified\":\"2024-09-12T13:45:54+00:00\",\"breadcrumb\":{\"@id\":\"https:\/\/www.elektrisola-atesina.com\/it\/jobs\/tfo-absolventen-fuer-den-produktionsbereich-m-w-d-werk-muehlen-in-taufers-2\/#breadcrumb\"},\"inLanguage\":\"it-IT\",\"potentialAction\":[{\"@type\":\"ReadAction\",\"target\":[\"https:\/\/www.elektrisola-atesina.com\/it\/jobs\/tfo-absolventen-fuer-den-produktionsbereich-m-w-d-werk-muehlen-in-taufers-2\/\"]}]},{\"@type\":\"BreadcrumbList\",\"@id\":\"https:\/\/www.elektrisola-atesina.com\/it\/jobs\/tfo-absolventen-fuer-den-produktionsbereich-m-w-d-werk-muehlen-in-taufers-2\/#breadcrumb\",\"itemListElement\":[{\"@type\":\"ListItem\",\"position\":1,\"name\":\"Startseite\",\"item\":\"https:\/\/www.elektrisola-atesina.com\/it\/\"},{\"@type\":\"ListItem\",\"position\":2,\"name\":\"TFO Absolventen f\u00fcr den Produktionsbereich (m\/w\/d) Werk M\u00fchlen in Taufers\"}]},{\"@type\":\"WebSite\",\"@id\":\"https:\/\/www.elektrisola-atesina.com\/#website\",\"url\":\"https:\/\/www.elektrisola-atesina.com\/\",\"name\":\"Elektrisola\",\"description\":\"\",\"publisher\":{\"@id\":\"https:\/\/www.elektrisola-atesina.com\/#organization\"},\"potentialAction\":[{\"@type\":\"SearchAction\",\"target\":{\"@type\":\"EntryPoint\",\"urlTemplate\":\"https:\/\/www.elektrisola-atesina.com\/?s={search_term_string}\"},\"query-input\":{\"@type\":\"PropertyValueSpecification\",\"valueRequired\":true,\"valueName\":\"search_term_string\"}}],\"inLanguage\":\"it-IT\"},{\"@type\":\"Organization\",\"@id\":\"https:\/\/www.elektrisola-atesina.com\/#organization\",\"name\":\"Elektrisola\",\"url\":\"https:\/\/www.elektrisola-atesina.com\/\",\"logo\":{\"@type\":\"ImageObject\",\"inLanguage\":\"it-IT\",\"@id\":\"https:\/\/www.elektrisola-atesina.com\/#\/schema\/logo\/image\/\",\"url\":\"https:\/\/www.elektrisola-atesina.com\/wp-content\/uploads\/2024\/05\/logoelektrisola.svg\",\"contentUrl\":\"https:\/\/www.elektrisola-atesina.com\/wp-content\/uploads\/2024\/05\/logoelektrisola.svg\",\"width\":260,\"height\":49,\"caption\":\"Elektrisola\"},\"image\":{\"@id\":\"https:\/\/www.elektrisola-atesina.com\/#\/schema\/logo\/image\/\"},\"sameAs\":[\"https:\/\/www.facebook.com\/people\/Elektrisola-Atesina\/61551488600786\/\",\"https:\/\/www.instagram.com\/elektrisola_atesina\"]}]}<\/script>\n<!-- \/ Yoast SEO plugin. -->","yoast_head_json":{"title":"TFO Absolventen f\u00fcr den Produktionsbereich (m\/w\/d) Werk M\u00fchlen in Taufers - Elektrisola","robots":{"index":"index","follow":"follow","max-snippet":"max-snippet:-1","max-image-preview":"max-image-preview:large","max-video-preview":"max-video-preview:-1"},"canonical":"https:\/\/www.elektrisola-atesina.com\/it\/jobs\/tfo-absolventen-fuer-den-produktionsbereich-m-w-d-werk-muehlen-in-taufers-2\/","og_locale":"it_IT","og_type":"article","og_title":"TFO Absolventen f\u00fcr den Produktionsbereich (m\/w\/d) Werk M\u00fchlen in Taufers - Elektrisola","og_description":"Wir suchen einen TFO-Absolventen f\u00fcr den Produktionsbereich an unserem Standort M\u00fchlen in Taufers in Vollzeit. Aufgabenbeschreibung: Durchf\u00fchrung von Versuchen und Betreuung von Projekten zur Qualit\u00e4tsverbesserung und Produktivit\u00e4tssteigerung. Wir bieten: Interessante T\u00e4tigkeiten Eigenst\u00e4ndiges Arbeiten Besch\u00e4ftigung beim Weltmarktf\u00fchrer Die M\u00f6glichkeit von Reisen zu unseren weltweit t\u00e4tigen Schwesterwerken Modernste Arbeitsmittel Interessanter Stundenplan \u00dcberdurchschnittliche Entlohnung Karrierem\u00f6glichkeiten Haben wir dein...","og_url":"https:\/\/www.elektrisola-atesina.com\/it\/jobs\/tfo-absolventen-fuer-den-produktionsbereich-m-w-d-werk-muehlen-in-taufers-2\/","og_site_name":"Elektrisola","article_publisher":"https:\/\/www.facebook.com\/people\/Elektrisola-Atesina\/61551488600786\/","article_modified_time":"2024-09-12T13:45:54+00:00","twitter_card":"summary_large_image","twitter_misc":{"Tempo di lettura stimato":"1 minuto"},"schema":{"@context":"https:\/\/schema.org","@graph":[{"@type":"WebPage","@id":"https:\/\/www.elektrisola-atesina.com\/it\/jobs\/tfo-absolventen-fuer-den-produktionsbereich-m-w-d-werk-muehlen-in-taufers-2\/","url":"https:\/\/www.elektrisola-atesina.com\/it\/jobs\/tfo-absolventen-fuer-den-produktionsbereich-m-w-d-werk-muehlen-in-taufers-2\/","name":"TFO Absolventen f\u00fcr den Produktionsbereich (m\/w\/d) Werk M\u00fchlen in Taufers - Elektrisola","isPartOf":{"@id":"https:\/\/www.elektrisola-atesina.com\/#website"},"datePublished":"2024-09-12T12:52:09+00:00","dateModified":"2024-09-12T13:45:54+00:00","breadcrumb":{"@id":"https:\/\/www.elektrisola-atesina.com\/it\/jobs\/tfo-absolventen-fuer-den-produktionsbereich-m-w-d-werk-muehlen-in-taufers-2\/#breadcrumb"},"inLanguage":"it-IT","potentialAction":[{"@type":"ReadAction","target":["https:\/\/www.elektrisola-atesina.com\/it\/jobs\/tfo-absolventen-fuer-den-produktionsbereich-m-w-d-werk-muehlen-in-taufers-2\/"]}]},{"@type":"BreadcrumbList","@id":"https:\/\/www.elektrisola-atesina.com\/it\/jobs\/tfo-absolventen-fuer-den-produktionsbereich-m-w-d-werk-muehlen-in-taufers-2\/#breadcrumb","itemListElement":[{"@type":"ListItem","position":1,"name":"Startseite","item":"https:\/\/www.elektrisola-atesina.com\/it\/"},{"@type":"ListItem","position":2,"name":"TFO Absolventen f\u00fcr den Produktionsbereich (m\/w\/d) Werk M\u00fchlen in Taufers"}]},{"@type":"WebSite","@id":"https:\/\/www.elektrisola-atesina.com\/#website","url":"https:\/\/www.elektrisola-atesina.com\/","name":"Elektrisola","description":"","publisher":{"@id":"https:\/\/www.elektrisola-atesina.com\/#organization"},"potentialAction":[{"@type":"SearchAction","target":{"@type":"EntryPoint","urlTemplate":"https:\/\/www.elektrisola-atesina.com\/?s={search_term_string}"},"query-input":{"@type":"PropertyValueSpecification","valueRequired":true,"valueName":"search_term_string"}}],"inLanguage":"it-IT"},{"@type":"Organization","@id":"https:\/\/www.elektrisola-atesina.com\/#organization","name":"Elektrisola","url":"https:\/\/www.elektrisola-atesina.com\/","logo":{"@type":"ImageObject","inLanguage":"it-IT","@id":"https:\/\/www.elektrisola-atesina.com\/#\/schema\/logo\/image\/","url":"https:\/\/www.elektrisola-atesina.com\/wp-content\/uploads\/2024\/05\/logoelektrisola.svg","contentUrl":"https:\/\/www.elektrisola-atesina.com\/wp-content\/uploads\/2024\/05\/logoelektrisola.svg","width":260,"height":49,"caption":"Elektrisola"},"image":{"@id":"https:\/\/www.elektrisola-atesina.com\/#\/schema\/logo\/image\/"},"sameAs":["https:\/\/www.facebook.com\/people\/Elektrisola-Atesina\/61551488600786\/","https:\/\/www.instagram.com\/elektrisola_atesina"]}]}},"_links":{"self":[{"href":"https:\/\/www.elektrisola-atesina.com\/it\/wp-json\/wp\/v2\/jobs\/950","targetHints":{"allow":["GET"]}}],"collection":[{"href":"https:\/\/www.elektrisola-atesina.com\/it\/wp-json\/wp\/v2\/jobs"}],"about":[{"href":"https:\/\/www.elektrisola-atesina.com\/it\/wp-json\/wp\/v2\/types\/jobs"}],"wp:attachment":[{"href":"https:\/\/www.elektrisola-atesina.com\/it\/wp-json\/wp\/v2\/media?parent=950"}],"wp:term":[{"taxonomy":"category","embeddable":true,"href":"https:\/\/www.elektrisola-atesina.com\/it\/wp-json\/wp\/v2\/categories?post=950"}],"curies":[{"name":"wp","href":"https:\/\/api.w.org\/{rel}","templated":true}]}}

TFO Absolventen für den Produktionsbereich (m/w/d) Werk Mühlen in Taufers

<p>Wir suchen einen TFO-Absolventen für den Produktionsbereich an unserem Standort Mühlen in Taufers in Vollzeit.</p>
<p><strong>Aufgabenbeschreibung:</strong></p>
<p>Durchführung von Versuchen und Betreuung von Projekten zur Qualitätsverbesserung und Produktivitätssteigerung.</p>
<p><strong>Wir bieten:</strong></p>
<ul>
<li>Interessante Tätigkeiten</li>
<li>Eigenständiges Arbeiten</li>
<li>Beschäftigung beim Weltmarktführer</li>
<li>Die Möglichkeit von Reisen zu unseren weltweit tätigen Schwesterwerken</li>
<li>Modernste Arbeitsmittel</li>
<li>Interessanter Stundenplan</li>
<li>Überdurchschnittliche Entlohnung</li>
<li>Karrieremöglichkeiten</li>
</ul>
<p>Haben wir dein Interesse geweckt?<br />
Dann sende uns deine Bewerbungsunterlagen!</p>

<!-- This site is optimized with the Yoast SEO plugin v23.4 - https://yoast.com/wordpress/plugins/seo/ -->
<title>TFO Absolventen für den Produktionsbereich (m/w/d) Werk Mühlen in Taufers - Elektrisola</title>
<meta name="robots" content="index, follow, max-snippet:-1, max-image-preview:large, max-video-preview:-1" />
<link rel="canonical" href="https://www.elektrisola-atesina.com/it/jobs/tfo-absolventen-fuer-den-produktionsbereich-m-w-d-werk-muehlen-in-taufers-2/" />
<meta property="og:locale" content="it_IT" />
<meta property="og:type" content="article" />
<meta property="og:title" content="TFO Absolventen für den Produktionsbereich (m/w/d) Werk Mühlen in Taufers - Elektrisola" />
<meta property="og:description" content="Wir suchen einen TFO-Absolventen für den Produktionsbereich an unserem Standort Mühlen in Taufers in Vollzeit. Aufgabenbeschreibung: Durchführung von Versuchen und Betreuung von Projekten zur Qualitätsverbesserung und Produktivitätssteigerung. Wir bieten: Interessante Tätigkeiten Eigenständiges Arbeiten Beschäftigung beim Weltmarktführer Die Möglichkeit von Reisen zu unseren weltweit tätigen Schwesterwerken Modernste Arbeitsmittel Interessanter Stundenplan Überdurchschnittliche Entlohnung Karrieremöglichkeiten Haben wir dein..." />
<meta property="og:url" content="https://www.elektrisola-atesina.com/it/jobs/tfo-absolventen-fuer-den-produktionsbereich-m-w-d-werk-muehlen-in-taufers-2/" />
<meta property="og:site_name" content="Elektrisola" />
<meta property="article:publisher" content="https://www.facebook.com/people/Elektrisola-Atesina/61551488600786/" />
<meta property="article:modified_time" content="2024-09-12T13:45:54+00:00" />
<meta name="twitter:card" content="summary_large_image" />
<meta name="twitter:label1" content="Tempo di lettura stimato" />
	<meta name="twitter:data1" content="1 minuto" />
<script type="application/ld+json" class="yoast-schema-graph">{"@context":"https://schema.org","@graph":[{"@type":"WebPage","@id":"https://www.elektrisola-atesina.com/it/jobs/tfo-absolventen-fuer-den-produktionsbereich-m-w-d-werk-muehlen-in-taufers-2/","url":"https://www.elektrisola-atesina.com/it/jobs/tfo-absolventen-fuer-den-produktionsbereich-m-w-d-werk-muehlen-in-taufers-2/","name":"TFO Absolventen für den Produktionsbereich (m/w/d) Werk Mühlen in Taufers - Elektrisola","isPartOf":{"@id":"https://www.elektrisola-atesina.com/#website"},"datePublished":"2024-09-12T12:52:09+00:00","dateModified":"2024-09-12T13:45:54+00:00","breadcrumb":{"@id":"https://www.elektrisola-atesina.com/it/jobs/tfo-absolventen-fuer-den-produktionsbereich-m-w-d-werk-muehlen-in-taufers-2/#breadcrumb"},"inLanguage":"it-IT","potentialAction":[{"@type":"ReadAction","target":["https://www.elektrisola-atesina.com/it/jobs/tfo-absolventen-fuer-den-produktionsbereich-m-w-d-werk-muehlen-in-taufers-2/"]}]},{"@type":"BreadcrumbList","@id":"https://www.elektrisola-atesina.com/it/jobs/tfo-absolventen-fuer-den-produktionsbereich-m-w-d-werk-muehlen-in-taufers-2/#breadcrumb","itemListElement":[{"@type":"ListItem","position":1,"name":"Startseite","item":"https://www.elektrisola-atesina.com/it/"},{"@type":"ListItem","position":2,"name":"TFO Absolventen für den Produktionsbereich (m/w/d) Werk Mühlen in Taufers"}]},{"@type":"WebSite","@id":"https://www.elektrisola-atesina.com/#website","url":"https://www.elektrisola-atesina.com/","name":"Elektrisola","description":"","publisher":{"@id":"https://www.elektrisola-atesina.com/#organization"},"potentialAction":[{"@type":"SearchAction","target":{"@type":"EntryPoint","urlTemplate":"https://www.elektrisola-atesina.com/?s={search_term_string}"},"query-input":{"@type":"PropertyValueSpecification","valueRequired":true,"valueName":"search_term_string"}}],"inLanguage":"it-IT"},{"@type":"Organization","@id":"https://www.elektrisola-atesina.com/#organization","name":"Elektrisola","url":"https://www.elektrisola-atesina.com/","logo":{"@type":"ImageObject","inLanguage":"it-IT","@id":"https://www.elektrisola-atesina.com/#/schema/logo/image/","url":"https://www.elektrisola-atesina.com/wp-content/uploads/2024/05/logoelektrisola.svg","contentUrl":"https://www.elektrisola-atesina.com/wp-content/uploads/2024/05/logoelektrisola.svg","width":260,"height":49,"caption":"Elektrisola"},"image":{"@id":"https://www.elektrisola-atesina.com/#/schema/logo/image/"},"sameAs":["https://www.facebook.com/people/Elektrisola-Atesina/61551488600786/","https://www.instagram.com/elektrisola_atesina"]}]}</script>
<!-- / Yoast SEO plugin. -->

TFO Absolventen für den Produktionsbereich (m/w/d) Werk Mühlen in Taufers - Elektrisola

Wir suchen einen TFO-Absolventen für den Produktionsbereich an unserem Standort Mühlen in Taufers in Vollzeit. Aufgabenbeschreibung: Durchführung von Versuchen und Betreuung von Projekten zur Qualitätsverbesserung und Produktivitätssteigerung. Wir bieten: Interessante Tätigkeiten Eigenständiges Arbeiten Beschäftigung beim Weltmarktführer Die Möglichkeit von Reisen zu unseren weltweit tätigen Schwesterwerken Modernste Arbeitsmittel Interessanter Stundenplan Überdurchschnittliche Entlohnung Karrieremöglichkeiten Haben wir dein...
